4051?
5834051
What are the prime factors of 460741?
47, 9803
What are the prime factors of 335186?
2, 167593
List the prime factors of 1233675.
3, 5, 5483
What are the prime factors of 33205723?
641, 51803
List the prime factors of 566434.
2, 11, 25747
List the prime factors of 202818.
2, 3, 7, 11, 439
What are the prime factors of 18926356?
2, 19, 131, 1901
What are the prime factors of 2125572?
2, 3, 177131
What are the prime factors of 19048173?
3, 6349391
List the prime factors of 33878794.
2, 271, 62507
What are the prime factors of 477752?
2, 11, 61, 89
What are the prime factors of 1176914?
2, 193, 3049
What are the prime factors of 7829781?
3, 457, 5711
What are the prime factors of 1463395?
5, 292679
List the prime factors of 31077570.
2, 3, 5, 269, 3851
What are the prime factors of 23943253?
23, 31, 33581
List the prime factors of 2597128.
2, 324641
What are the prime factors of 103856?
2, 6491
What are the prime factors of 375303?
3, 125101
List the prime factors of 2742521.
2742521
What are the prime factors of 15196032?
2, 3, 4397
List the prime factors of 4800705.
3, 5, 7, 13, 3517
List the prime factors of 2940610.
2, 5, 157, 1873
List the prime factors of 12101336.
2, 13, 116359
List the prime factors of 3182851.
7, 37, 12289
List the prime factors of 867637.
263, 3299
What are the prime factors of 2932056?
2, 3, 193, 211
List the prime factors of 21081486.
2, 3, 3513581
What are the prime factors of 9200830?
2, 5, 29, 31727
What are the prime factors of 5287713?
3, 1762571
List the prime factors of 158606.
2, 7, 11329
What are the prime factors of 31078127?
439, 70793
What are the prime factors of 2243504?
2, 281, 499
List the prime factors of 518471.
518471
List the prime factors of 6691043.
37, 139, 1301
What are the prime factors of 76921?
13, 61, 97
List the prime factors of 383845.
5, 7, 11, 997
What are the prime factors of 22704468?
2, 3, 19, 99581
List the prime factors of 6827236.
2, 13, 131293
What are the prime factors of 7792082?
2, 3896041
List the prime factors of 1257674.
2, 11, 5197
What are the prime factors of 206828?
2, 29, 1783
What are the prime factors of 8029435?
5, 1605887
List the prime factors of 1068494.
2, 7, 10903
List the prime factors of 15714700.
2, 5, 167, 941
What are the prime factors of 1559927?
41, 38047
List the prime factors of 212963.
173, 1231
What are the prime factors of 1536603?
3, 257, 1993
List the prime factors of 15770868.
2, 3, 1314239
List the prime factors of 2195056.
2, 137191
List the prime factors of 802311.
3, 31, 8627
List the prime factors of 216669.
3, 72223
What are the prime factors of 3053173?
3053173
List the prime factors of 579901.
7, 37, 2239
What are the prime factors of 96829?
37, 2617
List the prime factors of 438837.
3, 7, 20897
List the prime factors of 20060725.
5, 587, 1367
List the prime factors of 192067.
29, 37, 179
What are the prime factors of 449222?
2, 224611
List the prime factors of 517963.
37, 13999
List the prime factors of 16096576.
2, 163, 1543
List the prime factors of 7326844.
2, 7, 261673
What are the prime factors of 238768?
2, 14923
What are the prime factors of 6140774?
2, 17, 179, 1009
What are the prime factors of 7226138?
2, 107, 33767
What are the prime factors of 7615814?
2, 3807907
What are the prime factors of 6389446?
2, 7, 23, 19843
What are the prime factors of 1747432?
2, 113, 1933
What are the prime factors of 3827759?
13, 19, 15497
List the prime factors of 1266079.
1266079
List the prime factors of 15994412.
2, 7, 571229
List the prime factors of 73094.
2, 7, 23, 227
What are the prime factors of 372840?
2, 3, 5, 13, 239
List the prime factors of 532095.
3, 5, 19, 1867
What are the prime factors of 462006?
2, 3, 25667
What are the prime factors of 101129?
7, 14447
What are the prime factors of 6203965?
5, 1240793
What are the prime factors of 287425?
5, 11497
List the prime factors of 36509379.
3, 101, 1193
List the prime factors of 16974251.
7, 29, 83617
List the prime factors of 25456681.
83, 306707
What are the prime factors of 5547247?
5547247
List the prime factors of 4634459.
4634459
What are the prime factors of 537861?
3, 179287
List the prime factors of 906752.
2, 7, 11, 23
What are the prime factors of 84059?
84059
What are the prime factors of 816625?
5, 47, 139
What are the prime factors of 2288180?
2, 5, 191, 599
What are the prime factors of 435282?
2, 3, 72547
What are the prime factors of 3249?
3, 19
List the prime factors of 80922.
2, 3, 13487
What are the prime factors of 335469?
3, 67, 1669
List the prime factors of 3255932.
2, 67, 12149
List the prime factors of 1749007.
13, 19, 73, 97
List the prime factors of 68660.
2, 5, 3433
List the prime factors of 2416063.
13, 37, 5023
List the prime factors of 1359329.
1359329
List the prime factors of 358091.
433, 827
What are the prime factors of 4389143?
11, 311, 1283
List the prime factors of 6953184.
2, 3, 7, 3449
List the prime factors of 564669.
3, 7, 8963
What are the prime factors of 2448391?
11, 17, 13093
List the prime factors of 3675509.
3675509
What are the prime factors of 396004?
2, 7, 14143
What are the prime factors of 378943?
29, 73, 179
What are the prime factors of 198181?
59, 3359
What are the prime factors of 3261549?
3, 823, 1321
List the prime factors of 7194741.
3, 2398247
List the prime factors of 327111.
3, 109037
List the prime factors of 486875.
5, 19, 41
What are the prime factors of 7596089?
1609, 4721
List the prime factors of 1062845.
5, 7, 30367
List the prime factors of 28951.
13, 17, 131
What are the prime factors of 59745?
3, 5, 7, 569
List the prime factors of 676741.
13, 52057
List the prime factors of 330145.
5, 66029
List the prime factors of 285650.
2, 5, 29, 197
What are the prime factors of 15367261?
7, 13, 47, 3593
List the prime factors of 9934475.
5, 397379
What are the prime factors of 12838743?
3, 31, 5113
List the prime factors of 5990653.
5990653
List the prime factors of 265094.
2, 132547
List the prime factors of 1348471.
29, 46499
List the prime factors of 6696601.
6696601
What are the prime factors of 660937?
113, 5849
What are the prime factors of 3507827?
3507827
List the prime factors of 1107247.
293, 3779
List the prime factors of 270474.
2, 3, 61, 739
List the prime factors of 77901.
3, 23, 1129
What are the prime factors of 1179521?
7, 167, 1009
What are the prime factors of 28974026?
2, 31, 557, 839
List the prime factors of 726272.
2, 2837
List the prime factors of 28757184.
2, 3, 19, 7883
What are the prime factors of 32011520?
2, 5, 89, 281
What are the prime factors of 1293030?
2, 3, 5, 4789
List the prime factors of 977583.
3, 325861
What are the prime factors of 70632?
2, 3, 109
List the prime factors of 14768.
2, 13, 71
What are the prime factors of 235965?
3, 5, 15731
List the prime factors of 110507.
59, 1873
What are the prime factors of 1138619?
179, 6361
What are the prime factors of 95990?
2, 5, 29, 331
What are the prime factors of 5144625?
3, 5, 17, 269
List the prime factors of 1279452.
2, 3, 106621
What are the prime factors of 503914?
2, 17, 14821
What are the prime factors of 1506179?
1506179
What are the prime factors of 112127?
31, 3617
What are the prime factors of 85298?
2, 42649
List the prime factors of 905341.
131, 6911
What are the prime factors of 509786?
2, 37, 83
List the prime factors of 3302182.
2, 13, 17, 31, 241
List the prime factors of 187316.
2, 46829
List the prime factors of 876238.
2, 11, 39829
List the prime factors of 3085936.
2, 7, 59, 467
What are the prime factors of 23778?
2, 3, 1321
List the prime factors of 3025702.
2, 1223, 1237
What are the prime factors of 5304273?
3, 13, 277, 491
List the prime factors of 233594.
2, 116797
What are the prime factors of 5924513?
7, 846359
What are the prime factors of 30336975?
3, 5, 73, 1847
What are the prime factors of 19331764?
2, 4832941
List the prime factors of 2390193.
3, 13, 31, 659
What are the prime factors of 422114?
2, 7, 11, 2741
List the prime factors of 950855.
5, 19, 10009
List the prime factors of 6330487.
73, 86719
List the prime factors of 1659853.
13, 127681
What are the prime factors of 23760692?
2, 109, 54497
List the prime factors of 35384652.
2, 3, 661, 1487
List the prime factors of 2027